what is 11 + -112?
-101
In base 7, what is 3525 - 1?
3524
In base 14, what is 1 + -89?
-88
In base 4, what is 0 - 12?
-12
In base 15, what is 1 + -238?
-237
In base 9, what is 0 - 70?
-70
In base 4, what is -321 - 322?
-1303
In base 11, what is 1470 + -12?
1459
In base 14, what is c + -2?
a
In base 16, what is 0 + 1e5?
1e5
In base 12, what is 1aa7 + -2?
1aa5
In base 2, what is -100 - -100111?
100011
In base 12, what is -3 - 588?
-58b
In base 14, what is 1 + -c0?
-bd
In base 9, what is -2 - -131?
128
In base 3, what is 11 + -1112220?
-1112202
In base 10, what is 5 + 2?
7
In base 15, what is 14 + -7?
c
In base 10, what is -64 + 56?
-8
In base 5, what is 323 + 4?
332
In base 14, what is 1568 - -1?
1569
In base 10, what is 28 - -7?
35
In base 12, what is 9 - 61?
-54
In base 12, what is -1 - 7b?
-80
In base 4, what is 3301 + -10?
3231
In base 5, what is 4130 - 0?
4130
In base 7, what is -62220 + -4?
-62224
In base 11, what is -48a - 5?
-494
In base 3, what is 2 + 20?
22
In base 15, what is 3 - -5?
8
In base 13, what is 35 - -4?
39
In base 14, what is -618 - 2?
-61a
In base 7, what is 13 - -11?
24
In base 6, what is 4 - 2230?
-2222
In base 7, what is 1014 + -2?
1012
In base 9, what is 15 - -445?
461
In base 13, what is -1 + 468?
467
In base 9, what is 0 + -763?
-763
In base 3, what is 12 + -11010202?
-11010120
In base 8, what is 7 + 7?
16
In base 16, what is c - 0?
c
In base 5, what is -140 - -140?
0
In base 11, what is -50 - 15?
-65
In base 3, what is 1 + -2210?
-2202
In base 16, what is 2 + 8ce?
8d0
In base 5, what is 1110 - 132?
423
In base 9, what is -5 - 1102?
-1107
In base 9, what is 35 - 42?
-6
In base 7, what is 3 - -1022?
1025
In base 10, what is 10054 - 4?
10050
In base 7, what is 3 - -34?
40
In base 5, what is 32 + 12?
44
In base 11, what is -112 + -5?
-117
In base 6, what is 3243 - 11?
3232
In base 9, what is -5 - -3063?
3057
In base 2, what is -11111 - -100110?
111
In base 16, what is b + 47?
52
In base 14, what is 981 - 1?
980
In base 8, what is -71 - 42?
-133
In base 5, what is 3 - 104?
-101
In base 14, what is 1c9 - -2?
1cb
In base 7, what is -1 + -202?
-203
In base 9, what is -2 + -3330?
-3332
In base 6, what is 1 - -40?
41
In base 6, what is 1233 - -13?
1250
In base 4, what is -1 + 22100?
22033
In base 5, what is 1 + -3343?
-3342
In base 6, what is -313 + 3?
-310
In base 10, what is -2 - 64?
-66
In base 12, what is -151 + -15?
-166
In base 9, what is 1686 + -3?
1683
In base 11, what is 9a9 - -7?
a05
In base 7, what is -3 - 4?
-10
In base 12, what is 11 + -1?
10
In base 2, what is -10 - -110101110011?
110101110001
In base 5, what is 11233 - 10?
11223
In base 3, what is -12 + 12120101?
12120012
In base 12, what is -b - -2?
-9
In base 11, what is -2 + 16?
14
In base 6, what is -135 + -142?
-321
In base 9, what is -133 + -8?
-142
In base 12, what is -98 - 22?
-ba
In base 13, what is -8 - 10c?
-117
In base 8, what is 1 + 2?
3
In base 16, what is 2f + -6a?
-3b
In base 10, what is -79 + 2?
-77
In base 10, what is 0 - -159?
159
In base 4, what is 102 + 12?
120
In base 9, what is -4 + -488?
-503
In base 13, what is 1 + 31?
32
In base 9, what is 5276 - 5?
5271
In base 13, what is 2c0 - 3?
2ba
In base 14, what is -56 - -135?
bd
In base 15, what is 28 - -2a?
53
In base 6, what is 10 - 103?
-53
In base 10, what is -3 + -2205?
-2208
In base 15, what is -c9 + -3?
-cc
In base 2, what is -101111111 + 100110?
-101011001
In base 9, what is -56 - 26?
-83
In base 14, what is -51a - 3?
-51d
In base 5, what is 10 + 303?
313
In base 15, what is -18d - -6?
-187
In base 4, what is 3 - 332?
-323
In base 11, what is 1325 + 4?
1329
In base 7, what is -4 - -420?
413
In base 6, what is 4 + 1505?
1513
In base 7, what is 101 - -1605?
2006
In base 11, what is -29 + -9?
-37
In base 5, what is -13 + -2?
-20
In base 13, what is c - 41?
-32
In base 5, what is -20 + -23?
-43
In base 16, what is -1 + 121?
120
In base 10, what is -4 + -217?
-221
In base 2, what is 11 - -110111011?
110111110
In base 10, what is 1332 - -2?
1334
In base 4, what is -23001 - 2?
-23003
In base 11, what is 28 - 7?
21
In base 12, what is -7 + 18?
11
In base 15, what is -2 + -1979?
-197b
In base 8, what is 57 - 5?
52
In base 9, what is -43 - 6?
-50
In base 2, what is -11011 + -101?
-100000
In base 13, what is -3 + 503?
500
In base 8, what is -37 + -5?
-44
In base 3, what is 11 - -11221221?
11222002
In base 6, what is 0 + 22?
22
In base 14, what is 860 - a?
854
In base 10, what is 2361 + -4?
2357
In base 6, what is -20350 + -2?
-20352
In base 13, what is 11 - 29?
-18
In base 16, what is -118 - -1?
-117
In base 11, what is 687 + 1?
688
In base 14, what is 666 + 1?
667
In base 14, what is -1a + 11d?
103
In base 14, what is -319 + 0?
-319
In base 13, what is -3b2 - 5?
-3b7
In base 14, what is 42 - -5?
47
In base 4, what is 10000 - 3?
3331
In base 10, what is -12 - 2?
-14
In base 3, what is -10 + -110020?
-110100
In base 3, what is 10 - -202200?
202210
In base 4, what is -302 + -223?
-1131
In base 8, what is 34 + -1?
33
In base 15, what is 292 + -4?
28d
In base 3, what is 21 - -2212?
10010
In base 13, what is -12 + -12?
-24
In base 11, what is 29 + 10?
39
In base 5, what is 4 + -123?
-114
In base 10, what is 1246 + 7?
1253
In base 6, what is 4545 - -1?
4550
In base 15, what is 0 + -e9?
-e9
In base 2, what is -1111 + 10110?
111
In base 8, what is -13 - 23?
-36
In base 2, what is 10011 + 10010?
100101
In base 4, what is 32 - -2020?
2112
In base 7, what is -2 + -51?
-53
In base 3, what is -10 - 2220212?
-2220222
In base 2, what is 1010 + -1110111?
-1101101
In base 6, what is 0 - 23151?
-23151
In base 14, what is -14 + -14?
-28
In base 5, what is 10 - -442?
1002
In base 3, what is -11 - -111020?
111002
In base 6, what is 100 - 2?
54
In base 14, what is -15a - -4?
-156
In base 14, what is -10 + -350?
-360
In base 4, what is 0 + 3110?
3110
In base 4, what is -223 - 1132?
-2021
In base 13, what is 8 - -a?
15
In base 7, what is 5 + 34612?
34620
In base 16, what is -42 + -14?
-56
In base 9, what is -3 - 147?
-151
In base 13, what is a22 - 5?
a1a
In base 4, what is 1321 - 1?
1320
In base 12, what is -1 + 2942?
2941
In base 6, what is -234 + 25?
-205
In base 4, what is 10 - 10121?
-10111
In base 15, what is -3 - -7d?
7a
In base 2, what is -11110 - -10010?
-1100
In base 15, what is bb - -5?
c1
In base 5, what is -10 + -23131?
-23141
In base 8, what is -25460 + -2?
-25462
In base 4, what is 23301 - 2?
23233
In base 5, what is -2 + -4330?
-4332
In base 9, what is 1083 - -3?
1086
In base 8, what is 5 - -35?
42
In base 16, what is 1 + -5c?
-5b
In base 10, what is 87 - 124?
-37
In base 3, what is -1001 + 122200?
121122
In base 9, what is -3 - -7?
4
In base 11, what is 58 + -4?
54
In base 5, what is 13 - -1014?
1032
In base 11, what is 3 - 1180?
-1178
In base 10, what is -462 - 3?
-465
In base 7, what is -5 + -253?
-261
In base 16, what is 10 - 22?
-12
In base 4, what is -102 + 1?
-101
In base 5, what is -3 + 40224?
40221
In base 16, what is 137 - 8?
12f
In base 13, what is 0 - 20?
-20
In base 4, what is -232 + -22?
-320
In base 16, what is 3 + 79?
7c
In base 6, what is 0 - -314?
314
In base 2, what is 1 - -11001100?
11001101
In base 9, what is -1 - -577?
576
In base 7, what is -2412 - 5?
-2420
In base 13, what is -670 - -3?
-66a
In base 11, what is -18 + -26a?
-287
In base 11, what is 36 + -6?
30
In base 9, what is -6 + 18?
12
In base 3, what is -11201 - 1?
-11202
In base 8, what is -14 + 15?
1
In base 8, what is -1 - -2?
1
In base 4, what is -333 - -130?
-203
In base 7, what is -5055 + 10?
-5045
In base 10, what is -11 + 175?
164
In base 5, what is 23330 - 3?
23322
In base 15, what is -4 + b?
7
In base 13, what is -2 - -9?
7
In base 8, what is -4 - -1534?
1530
In base 6, what is -24 - -20?
-4
In base 4, what is 11200322 + 0?
11200322
In base 5, what is 210 + 2?
212
In base 15, what is 6 + 13e?
145
In base 9, what is -12 - 104?
-116
In base 6, what is 141 - -10?
151
In base 14, what is 4d8 + -1?
4d7
In base 11, what is -1a160 - 2?
-1a162
In base 3, what is -10 - -10210122?
10210112
In base 8, what is 4177 + -2?
4175
In base 2, what is -1000111001 - -100?
-1000110101
In base 16, what is -a7 - 49?
-f0
In base 9, what is 1 + 146?
147
In base 2, what is -101110 - -1110?
-100000
In base 6, what is 351 - 0?
351
In base 